{"id":169,"date":"2025-01-25T17:35:36","date_gmt":"2025-01-25T16:35:36","guid":{"rendered":"http:\/\/domainedelabassemarche.fr\/?page_id=169"},"modified":"2026-03-24T20:29:25","modified_gmt":"2026-03-24T19:29:25","slug":"opeyrat-club","status":"publish","type":"page","link":"https:\/\/domainedelabassemarche.fr\/?page_id=169","title":{"rendered":"O&rsquo;Peyrat Club"},"content":{"rendered":"\n<h2 class=\"wp-block-heading has-text-align-center\">O&rsquo;Peyrat Club <\/h2>\n\n\n<div class=\"wp-block-image\">\n<figure class=\"aligncenter size-full\"><img loading=\"lazy\" decoding=\"async\" width=\"251\" height=\"265\" src=\"http:\/\/domainedelabassemarche.fr\/wp-content\/uploads\/2025\/01\/opeyrat.png\" alt=\"\" class=\"wp-image-106\"\/><\/figure>\n<\/div>\n\n\n<p>L&rsquo;espace O&rsquo;Peyrat Club vous permet d&rsquo;organiser tous types d&rsquo;\u00e9v\u00e9nements priv\u00e9e ou public. Espace ext\u00e9rieur de 250 M2 &#8211; Terrasse de 100 M2 &#8211; Paillotte avec roof top de 260 M2 &#8211; Bar ext\u00e9rieur et int\u00e9rieur, cuisine, snack,  grill, l&rsquo;ensemble enti\u00e8rement \u00e9quip\u00e9. <\/p>\n\n\n\n<ul class=\"wp-block-list\">\n<li><strong>Restauration &#8211; Trateur &#8211; Services<\/strong><\/li>\n\n\n\n<li><strong>Mobilier \/ Tables &#8211; Chaises &#8211; Mange Debout<\/strong><\/li>\n\n\n\n<li><strong>Service Audio Visuel &#8211; Sonorisation &#8211; Eclairage &#8211; Vid\u00e9o<\/strong><\/li>\n\n\n\n<li><strong>Prestation &#8211; D&rsquo;Animation &#8211; DJ- Team Building<\/strong><\/li>\n\n\n\n<li><strong>Challenges &amp; Tournois &#8211; Services D\u00e9coration<\/strong><\/li>\n<\/ul>\n\n\n\n<figure class=\"wp-block-gallery has-nested-images columns-default is-cropped wp-block-gallery-1 is-layout-flex wp-block-gallery-is-layout-flex\">\n<figure class=\"wp-block-image size-large\"><img loading=\"lazy\" decoding=\"async\" width=\"586\" height=\"242\" data-id=\"369\" src=\"https:\/\/domainedelabassemarche.fr\/wp-content\/uploads\/2026\/03\/Traiteur.png\" alt=\"\" class=\"wp-image-369\" srcset=\"https:\/\/domainedelabassemarche.fr\/wp-content\/uploads\/2026\/03\/Traiteur.png 586w, https:\/\/domainedelabassemarche.fr\/wp-content\/uploads\/2026\/03\/Traiteur-300x124.png 300w\" sizes=\"auto, (max-width: 586px) 100vw, 586px\" \/><\/figure>\n<\/figure>\n\n\n\n<p><\/p>\n\n\n\n<h2 class=\"wp-block-heading has-text-align-center\">Votre F\u00eate<\/h2>\n\n\n\n<ul class=\"wp-block-list\">\n<li>Anniversaire<\/li>\n\n\n\n<li>Cousinade<\/li>\n\n\n\n<li>R\u00e9union de groupe<\/li>\n\n\n\n<li>Mariage&#8230;.<\/li>\n<\/ul>\n\n\n\n<p><strong>Nous vous proposons la location de mat\u00e9riels de r\u00e9ception tentes + mobilier + tables + mat\u00e9riel audion visuel sur place ect&#8230;<\/strong><\/p>\n\n\n<div class=\"wp-block-image\">\n<figure class=\"aligncenter size-full\"><img loading=\"lazy\" decoding=\"async\" width=\"607\" height=\"512\" src=\"http:\/\/domainedelabassemarche.fr\/wp-content\/uploads\/2026\/03\/Traiteur-3.png\" alt=\"\" class=\"wp-image-374\" srcset=\"https:\/\/domainedelabassemarche.fr\/wp-content\/uploads\/2026\/03\/Traiteur-3.png 607w, https:\/\/domainedelabassemarche.fr\/wp-content\/uploads\/2026\/03\/Traiteur-3-300x253.png 300w\" sizes=\"auto, (max-width: 607px) 100vw, 607px\" \/><\/figure>\n<\/div>\n\n\n<figure class=\"wp-block-gallery has-nested-images columns-default is-cropped wp-block-gallery-2 is-layout-flex wp-block-gallery-is-layout-flex\">\n<figure class=\"wp-block-image size-large\"><img loading=\"lazy\" decoding=\"async\" width=\"602\" height=\"695\" data-id=\"370\" src=\"https:\/\/domainedelabassemarche.fr\/wp-content\/uploads\/2026\/03\/Traiteur-2.png\" alt=\"\" class=\"wp-image-370\" srcset=\"https:\/\/domainedelabassemarche.fr\/wp-content\/uploads\/2026\/03\/Traiteur-2.png 602w, https:\/\/domainedelabassemarche.fr\/wp-content\/uploads\/2026\/03\/Traiteur-2-260x300.png 260w\" sizes=\"auto, (max-width: 602px) 100vw, 602px\" \/><\/figure>\n<\/figure>\n\n\n\n<p><strong><em>Notre \u00e9quipe vous propose des \u00e9quipements des prestations et des services pour l&rsquo;organisation de votre \u00e9v\u00e9nement. <\/em><\/strong><\/p>\n","protected":false},"excerpt":{"rendered":"<p>O&rsquo;Peyrat Club L&rsquo;espace O&rsquo;Peyrat Club vous permet d&rsquo;organiser tous types d&rsquo;\u00e9v\u00e9nements priv\u00e9e ou public. Espace ext\u00e9rieur de 250 M2 &#8211; Terrasse de 100 M2 &#8211; Paillotte avec roof top de 260 M2 &#8211; Bar ext\u00e9rieur et int\u00e9rieur, cuisine, snack, grill, l&rsquo;ensemble enti\u00e8rement \u00e9quip\u00e9. Votre F\u00eate Nous vous proposons la location de mat\u00e9riels de r\u00e9ception tentes [&hellip;]<\/p>\n","protected":false},"author":1,"featured_media":0,"parent":0,"menu_order":0,"comment_status":"closed","ping_status":"closed","template":"","meta":{"footnotes":""},"class_list":["post-169","page","type-page","status-publish","hentry"],"yoast_head":"<!-- This site is optimized with the Yoast SEO plugin v27.0 - https:\/\/yoast.com\/product\/yoast-seo-wordpress\/ -->\n<title>O&#039;Peyrat Club - Domaine de la Basse Marche<\/title>\n<meta name=\"robots\" content=\"index, follow, max-snippet:-1, max-image-preview:large, max-video-preview:-1\" \/>\n<link rel=\"canonical\" href=\"https:\/\/domainedelabassemarche.fr\/?page_id=169\" \/>\n<meta property=\"og:locale\" content=\"fr_FR\" \/>\n<meta property=\"og:type\" content=\"article\" \/>\n<meta property=\"og:title\" content=\"O&#039;Peyrat Club - Domaine de la Basse Marche\" \/>\n<meta property=\"og:description\" content=\"O&rsquo;Peyrat Club L&rsquo;espace O&rsquo;Peyrat Club vous permet d&rsquo;organiser tous types d&rsquo;\u00e9v\u00e9nements priv\u00e9e ou public. Espace ext\u00e9rieur de 250 M2 &#8211; Terrasse de 100 M2 &#8211; Paillotte avec roof top de 260 M2 &#8211; Bar ext\u00e9rieur et int\u00e9rieur, cuisine, snack, grill, l&rsquo;ensemble enti\u00e8rement \u00e9quip\u00e9. Votre F\u00eate Nous vous proposons la location de mat\u00e9riels de r\u00e9ception tentes [&hellip;]\" \/>\n<meta property=\"og:url\" content=\"https:\/\/domainedelabassemarche.fr\/?page_id=169\" \/>\n<meta property=\"og:site_name\" content=\"Domaine de la Basse Marche\" \/>\n<meta property=\"article:modified_time\" content=\"2026-03-24T19:29:25+00:00\" \/>\n<meta property=\"og:image\" content=\"https:\/\/domainedelabassemarche.fr\/wp-content\/uploads\/2025\/01\/opeyrat.png\" \/>\n\t<meta property=\"og:image:width\" content=\"251\" \/>\n\t<meta property=\"og:image:height\" content=\"265\" \/>\n\t<meta property=\"og:image:type\" content=\"image\/png\" \/>\n<meta name=\"twitter:card\" content=\"summary_large_image\" \/>\n<meta name=\"twitter:label1\" content=\"Dur\u00e9e de lecture estim\u00e9e\" \/>\n\t<meta name=\"twitter:data1\" content=\"2 minutes\" \/>\n<script type=\"application\/ld+json\" class=\"yoast-schema-graph\">{\"@context\":\"https:\/\/schema.org\",\"@graph\":[{\"@type\":\"WebPage\",\"@id\":\"https:\/\/domainedelabassemarche.fr\/?page_id=169\",\"url\":\"https:\/\/domainedelabassemarche.fr\/?page_id=169\",\"name\":\"O'Peyrat Club - Domaine de la Basse Marche\",\"isPartOf\":{\"@id\":\"https:\/\/domainedelabassemarche.fr\/#website\"},\"primaryImageOfPage\":{\"@id\":\"https:\/\/domainedelabassemarche.fr\/?page_id=169#primaryimage\"},\"image\":{\"@id\":\"https:\/\/domainedelabassemarche.fr\/?page_id=169#primaryimage\"},\"thumbnailUrl\":\"http:\/\/domainedelabassemarche.fr\/wp-content\/uploads\/2025\/01\/opeyrat.png\",\"datePublished\":\"2025-01-25T16:35:36+00:00\",\"dateModified\":\"2026-03-24T19:29:25+00:00\",\"breadcrumb\":{\"@id\":\"https:\/\/domainedelabassemarche.fr\/?page_id=169#breadcrumb\"},\"inLanguage\":\"fr-FR\",\"potentialAction\":[{\"@type\":\"ReadAction\",\"target\":[\"https:\/\/domainedelabassemarche.fr\/?page_id=169\"]}]},{\"@type\":\"ImageObject\",\"inLanguage\":\"fr-FR\",\"@id\":\"https:\/\/domainedelabassemarche.fr\/?page_id=169#primaryimage\",\"url\":\"https:\/\/domainedelabassemarche.fr\/wp-content\/uploads\/2025\/01\/opeyrat.png\",\"contentUrl\":\"https:\/\/domainedelabassemarche.fr\/wp-content\/uploads\/2025\/01\/opeyrat.png\",\"width\":251,\"height\":265},{\"@type\":\"BreadcrumbList\",\"@id\":\"https:\/\/domainedelabassemarche.fr\/?page_id=169#breadcrumb\",\"itemListElement\":[{\"@type\":\"ListItem\",\"position\":1,\"name\":\"Accueil\",\"item\":\"https:\/\/domainedelabassemarche.fr\/\"},{\"@type\":\"ListItem\",\"position\":2,\"name\":\"O&rsquo;Peyrat Club\"}]},{\"@type\":\"WebSite\",\"@id\":\"https:\/\/domainedelabassemarche.fr\/#website\",\"url\":\"https:\/\/domainedelabassemarche.fr\/\",\"name\":\"domainedelabasemarche.fr\",\"description\":\"\",\"alternateName\":\"domainedelabasemarche\",\"potentialAction\":[{\"@type\":\"SearchAction\",\"target\":{\"@type\":\"EntryPoint\",\"urlTemplate\":\"https:\/\/domainedelabassemarche.fr\/?s={search_term_string}\"},\"query-input\":{\"@type\":\"PropertyValueSpecification\",\"valueRequired\":true,\"valueName\":\"search_term_string\"}}],\"inLanguage\":\"fr-FR\"}]}<\/script>\n<!-- \/ Yoast SEO plugin. -->","yoast_head_json":{"title":"O'Peyrat Club - Domaine de la Basse Marche","robots":{"index":"index","follow":"follow","max-snippet":"max-snippet:-1","max-image-preview":"max-image-preview:large","max-video-preview":"max-video-preview:-1"},"canonical":"https:\/\/domainedelabassemarche.fr\/?page_id=169","og_locale":"fr_FR","og_type":"article","og_title":"O'Peyrat Club - Domaine de la Basse Marche","og_description":"O&rsquo;Peyrat Club L&rsquo;espace O&rsquo;Peyrat Club vous permet d&rsquo;organiser tous types d&rsquo;\u00e9v\u00e9nements priv\u00e9e ou public. Espace ext\u00e9rieur de 250 M2 &#8211; Terrasse de 100 M2 &#8211; Paillotte avec roof top de 260 M2 &#8211; Bar ext\u00e9rieur et int\u00e9rieur, cuisine, snack, grill, l&rsquo;ensemble enti\u00e8rement \u00e9quip\u00e9. Votre F\u00eate Nous vous proposons la location de mat\u00e9riels de r\u00e9ception tentes [&hellip;]","og_url":"https:\/\/domainedelabassemarche.fr\/?page_id=169","og_site_name":"Domaine de la Basse Marche","article_modified_time":"2026-03-24T19:29:25+00:00","og_image":[{"width":251,"height":265,"url":"https:\/\/domainedelabassemarche.fr\/wp-content\/uploads\/2025\/01\/opeyrat.png","type":"image\/png"}],"twitter_card":"summary_large_image","twitter_misc":{"Dur\u00e9e de lecture estim\u00e9e":"2 minutes"},"schema":{"@context":"https:\/\/schema.org","@graph":[{"@type":"WebPage","@id":"https:\/\/domainedelabassemarche.fr\/?page_id=169","url":"https:\/\/domainedelabassemarche.fr\/?page_id=169","name":"O'Peyrat Club - Domaine de la Basse Marche","isPartOf":{"@id":"https:\/\/domainedelabassemarche.fr\/#website"},"primaryImageOfPage":{"@id":"https:\/\/domainedelabassemarche.fr\/?page_id=169#primaryimage"},"image":{"@id":"https:\/\/domainedelabassemarche.fr\/?page_id=169#primaryimage"},"thumbnailUrl":"http:\/\/domainedelabassemarche.fr\/wp-content\/uploads\/2025\/01\/opeyrat.png","datePublished":"2025-01-25T16:35:36+00:00","dateModified":"2026-03-24T19:29:25+00:00","breadcrumb":{"@id":"https:\/\/domainedelabassemarche.fr\/?page_id=169#breadcrumb"},"inLanguage":"fr-FR","potentialAction":[{"@type":"ReadAction","target":["https:\/\/domainedelabassemarche.fr\/?page_id=169"]}]},{"@type":"ImageObject","inLanguage":"fr-FR","@id":"https:\/\/domainedelabassemarche.fr\/?page_id=169#primaryimage","url":"https:\/\/domainedelabassemarche.fr\/wp-content\/uploads\/2025\/01\/opeyrat.png","contentUrl":"https:\/\/domainedelabassemarche.fr\/wp-content\/uploads\/2025\/01\/opeyrat.png","width":251,"height":265},{"@type":"BreadcrumbList","@id":"https:\/\/domainedelabassemarche.fr\/?page_id=169#breadcrumb","itemListElement":[{"@type":"ListItem","position":1,"name":"Accueil","item":"https:\/\/domainedelabassemarche.fr\/"},{"@type":"ListItem","position":2,"name":"O&rsquo;Peyrat Club"}]},{"@type":"WebSite","@id":"https:\/\/domainedelabassemarche.fr\/#website","url":"https:\/\/domainedelabassemarche.fr\/","name":"domainedelabasemarche.fr","description":"","alternateName":"domainedelabasemarche","potentialAction":[{"@type":"SearchAction","target":{"@type":"EntryPoint","urlTemplate":"https:\/\/domainedelabassemarche.fr\/?s={search_term_string}"},"query-input":{"@type":"PropertyValueSpecification","valueRequired":true,"valueName":"search_term_string"}}],"inLanguage":"fr-FR"}]}},"_links":{"self":[{"href":"https:\/\/domainedelabassemarche.fr\/index.php?rest_route=\/wp\/v2\/pages\/169","targetHints":{"allow":["GET"]}}],"collection":[{"href":"https:\/\/domainedelabassemarche.fr\/index.php?rest_route=\/wp\/v2\/pages"}],"about":[{"href":"https:\/\/domainedelabassemarche.fr\/index.php?rest_route=\/wp\/v2\/types\/page"}],"author":[{"embeddable":true,"href":"https:\/\/domainedelabassemarche.fr\/index.php?rest_route=\/wp\/v2\/users\/1"}],"replies":[{"embeddable":true,"href":"https:\/\/domainedelabassemarche.fr\/index.php?rest_route=%2Fwp%2Fv2%2Fcomments&post=169"}],"version-history":[{"count":10,"href":"https:\/\/domainedelabassemarche.fr\/index.php?rest_route=\/wp\/v2\/pages\/169\/revisions"}],"predecessor-version":[{"id":383,"href":"https:\/\/domainedelabassemarche.fr\/index.php?rest_route=\/wp\/v2\/pages\/169\/revisions\/383"}],"wp:attachment":[{"href":"https:\/\/domainedelabassemarche.fr\/index.php?rest_route=%2Fwp%2Fv2%2Fmedia&parent=169"}],"curies":[{"name":"wp","href":"https:\/\/api.w.org\/{rel}","templated":true}]}}